{"id":330,"date":"2024-03-18T07:57:50","date_gmt":"2024-03-18T06:57:50","guid":{"rendered":"https:\/\/votegepi.com\/?page_id=330"},"modified":"2024-03-18T08:01:25","modified_gmt":"2024-03-18T07:01:25","slug":"criteres","status":"publish","type":"page","link":"https:\/\/votegepi.com\/?page_id=330","title":{"rendered":"Crit\u00e8res"},"content":{"rendered":"\n<p><strong><u>#GEPI<\/u><\/strong>, LES CANDIDATS \u00c0 LA LOUPE, LA GARANTIE D&#8217;UN VOTE CITOYEN RATIONNEL ET RESPONSABLE.<\/p>\n\n\n\n<p class=\"has-text-align-left\">Gr\u00e2ce \u00e0 ensemble de crit\u00e8res pour \u00e9valuer, comparer les candidats et pour choisir le commandant en chef digne du nom.<\/p>\n\n\n\n<p class=\"has-text-align-left\">\u00c9valuez et notez ceux qui souhaitent prendre votre destin en main gr\u00e2ce \u00e0 la m\u00e9thode GEPI.<\/p>\n\n\n\n<p class=\"has-text-align-left\">Sur 60 crit\u00e8res ou valeurs s\u00fbres de la R\u00e9publique, de la d\u00e9mocratie, des attentes des citoyens.<\/p>\n\n\n\n<p class=\"has-text-align-left\">Passez au peigne fin les candidats \u00e0 la pr\u00e9sidentielle et votez objectivement.<\/p>\n\n\n\n<p class=\"has-text-align-left\">Chaque crit\u00e8re de GEPI est d&#8217;une importance capitale. Nous vous d\u00e9taillons les diff\u00e9rents crit\u00e8res.<\/p>\n\n\n\n<p class=\"has-text-align-left\">En trois grandes parties :&nbsp;<\/p>\n\n\n\n<p><strong><u>VALEURS PERSONNELLES DU CANDITAT<\/u><\/strong><strong><u><\/u><\/strong><\/p>\n\n\n\n<p><strong><u>CONTRAT SOCIAL ET INSTITUTIONNEL&nbsp;<\/u><\/strong><strong><u><\/u><\/strong><\/p>\n\n\n\n<p><strong><u>PROGRAMME DU CANDIDAT.<\/u><\/strong><strong><u><\/u><\/strong><\/p>\n\n\n\n<p>L&#8217;ensemble des crit\u00e8res permet de faire le portait dans le long terme de chaque candidat et de bien voter.<\/p>\n\n\n\n<div data-wp-interactive=\"core\/file\" class=\"wp-block-file\"><object data-wp-bind--hidden=\"!state.hasPdfPreview\" hidden class=\"wp-block-file__embed\" data=\"https:\/\/votegepi.com\/wp-content\/uploads\/2024\/03\/Grille-dEvaluation-du-President-Ideal-GEPI.pdf\" type=\"application\/pdf\" style=\"width:100%;height:600px\" aria-label=\"Contenu embarqu\u00e9 Grille-dEvaluation-du-President-Ideal-GEPI.\"><\/object><a id=\"wp-block-file--media-45834474-458f-4c35-a2bf-dc83bc72737c\" href=\"https:\/\/votegepi.com\/wp-content\/uploads\/2024\/03\/Grille-dEvaluation-du-President-Ideal-GEPI.pdf\">Grille-dEvaluation-du-President-Ideal-GEPI<\/a><a href=\"https:\/\/votegepi.com\/wp-content\/uploads\/2024\/03\/Grille-dEvaluation-du-President-Ideal-GEPI.pdf\" class=\"wp-block-file__button wp-element-button\" download aria-describedby=\"wp-block-file--media-45834474-458f-4c35-a2bf-dc83bc72737c\">T\u00e9l\u00e9charger<\/a><\/div>\n","protected":false},"excerpt":{"rendered":"<p>#GEPI, LES CANDIDATS \u00c0 LA LOUPE, LA GARANTIE D&#8217;UN VOTE CITOYEN RATIONNEL ET RESPONSABLE. Gr\u00e2ce \u00e0 ensemble de crit\u00e8res pour \u00e9valuer, comparer les candidats et pour choisir le commandant en chef digne du nom. \u00c9valuez et notez ceux qui souhaitent prendre votre destin en main gr\u00e2ce \u00e0 la m\u00e9thode GEPI. Sur 60 crit\u00e8res ou valeurs [&hellip;]<\/p>\n","protected":false},"author":1,"featured_media":0,"parent":0,"menu_order":0,"comment_status":"closed","ping_status":"closed","template":"","meta":{"_regular_price":[],"currency_symbol":[],"footnotes":""},"class_list":["post-330","page","type-page","status-publish","hentry"],"post_slider_layout_featured_media_urls":{"thumbnail":"","post_slider_layout_landscape_large":"","post_slider_layout_portrait_large":"","post_slider_layout_square_large":"","post_slider_layout_landscape":"","post_slider_layout_portrait":"","post_slider_layout_square":"","full":""},"_links":{"self":[{"href":"https:\/\/votegepi.com\/index.php?rest_route=\/wp\/v2\/pages\/330","targetHints":{"allow":["GET"]}}],"collection":[{"href":"https:\/\/votegepi.com\/index.php?rest_route=\/wp\/v2\/pages"}],"about":[{"href":"https:\/\/votegepi.com\/index.php?rest_route=\/wp\/v2\/types\/page"}],"author":[{"embeddable":true,"href":"https:\/\/votegepi.com\/index.php?rest_route=\/wp\/v2\/users\/1"}],"replies":[{"embeddable":true,"href":"https:\/\/votegepi.com\/index.php?rest_route=%2Fwp%2Fv2%2Fcomments&post=330"}],"version-history":[{"count":2,"href":"https:\/\/votegepi.com\/index.php?rest_route=\/wp\/v2\/pages\/330\/revisions"}],"predecessor-version":[{"id":334,"href":"https:\/\/votegepi.com\/index.php?rest_route=\/wp\/v2\/pages\/330\/revisions\/334"}],"wp:attachment":[{"href":"https:\/\/votegepi.com\/index.php?rest_route=%2Fwp%2Fv2%2Fmedia&parent=330"}],"curies":[{"name":"wp","href":"https:\/\/api.w.org\/{rel}","templated":true}]}}